ime number?
False
Suppose 0 = -3*x - 1099 + 2968. Is x composite?
True
Let j(r) = 5*r - 1. Let d be j(1). Suppose 27 = -q + d*q. Is q prime?
False
Is ((-63)/(-9))/((-2)/(-262)) composite?
True
Let j = 7 + -7. Suppose j = -f + 253 + 6. Is f a prime number?
False
Let o(i) = -2 + 4*i - 3 - 4*i + 4*i. Is o(4) composite?
False
Let u(t) = -t**3 + 6*t**2 + 2*t - 3. Let c be u(6). Suppose 0 = -3*p + j + 109, -p + 24 = 5*j + c. Is p a prime number?
False
Let d = 576 - 203. Is d a prime number?
True
Suppose 2*a - 10 + 0 = 0. Suppose 4 = 2*b - 0, -a*y + 100 = -5*b. Is y composite?
True
Let p = 794 + -231. Is p prime?
True
Let o(r) = 4*r**3 + 2*r**2 - r - 2. Let k(w) = -4*w. Let m be k(-4). Suppose 4*c + s - 22 = -4*s, 0 = 4*c + 2*s - m. Is o(c) a prime number?
False
Let r(h) = h**3 - 11*h**2 - 13*h + 12. Let z be r(12). Suppose a - 3*a + 166 = z. Is a composite?
False
Let z(w) = w**3 + 6*w**2 + 6*w + 2. Let b be z(-5). Let c = b - -7. Suppose 2*t - c*p = -3*p + 7, -5 = 5*t + 5*p. Is t a prime number?
True
Let v = 119 - 66. Is v a composite number?
False
Let b(z) = -z**2 + 4*z + 12. Let r be b(6). Suppose -2*y + x = -7*y + 2199, r = -5*y - 3*x + 2207. Is y composite?
False
Let r(c) = c**3 - 9*c**2 - 6*c + 5. Let s be r(10). Let v = 133 - s. Let n = v - 21. Is n a composite number?
False
Let q(b) = b**3 + 11*b**2 + 8. Let y be q(-11). Is y - (-6)/(-2 + 5) a composite number?
True
Let y(k) = 2*k**2 - 10*k + 5. Is y(-9) a composite number?
False
Is 3*(-3)/18*-3722 composite?
False
Let p be (6 + (3 - 6))*13. Suppose 4*d - 7 = 9. Suppose 4*v + t - p = -d*t, 0 = -5*v + t + 27. Is v a prime number?
False
Suppose 5*i - 4*z + 2739 = 0, 1985 = -4*i + 3*z - 206. Is (i - -10)*(-2)/6 a composite number?
False
Let t be ((-1)/(-3))/(1/9). Let f = -2 + t. Let a(v) = 9*v + 1. Is a(f) prime?
False
Let m = 182 - 114. Let g = 133 - m. Is g composite?
True
Suppose s + 5 = 0, -16 = c - s + 6*s. Is 1271/c - (-4)/(-18) a composite number?
True
Let k(t) = -t**3 - 9*t**2 + 9*t + 13. Let i be k(-10). Let y = -12 + i. Is y prime?
True
Suppose 3 = q - 1. Suppose -z - 5*t = 17, -z + 3*t + 27 = q*z. Suppose 0 = z*u - 5*u - 4*k + 862, -3*u = -2*k - 1293. Is u composite?
False
Suppose 0 = 3*s + 2*w - 1094 - 1353, -4*s + 4*w = -3256. Is s prime?
False
Let p be 6 + 1/((-2)/4). Let h = 8 - p. Suppose 0 = 3*r - h*x - 41, -2*x = -3*r + x + 36. Is r prime?
True
Let z(c) = -63*c + 15. Is z(-2) prime?
False
Is 402130/150 - 2/(-15) a prime number?
False
Let f(u) = -7*u + 73*u**2 - 6 + 12*u - 1. Let t(g) = -g**2 + g - 1. Let n(a) = f(a) - 6*t(a). Is n(-1) prime?
True
Let v = 914 - 445. Is v a composite number?
True
Let h(u) = 2*u**2 + 5*u - 1 + 6 + 2*u. Let m be (-6 + 2)*6/4. Is h(m) a composite number?
True
Suppose -f = f + 8. Let k = f - -6. Suppose -2*v = k*d - 48, 0 = 5*v + 3*d - 141 + 31. Is v a prime number?
True
Let p = 17 + 0. Let r = -9 + p. Is 60/r*(-38)/(-3) a prime number?
False
Suppose f - 5*i = 387, -1488 = -3*f - f + 5*i. Is f composite?
False
Suppose 2085 = -3*x + 8*x. Suppose -n + 4*u + x = 0, 0*u - u = 4*n - 1583. Is n a prime number?
True
Suppose -4*h - 24 = -3*c, 12 = -5*h + h. Suppose -c*m = 4, 6*m - m = 4*x - 849. Is x composite?
False
Let q be 1844/(-36) - (-2)/9. Let l(x) = -52*x + 2. Let g be l(-5). Let w = q + g. Is w prime?
True
Let w = 803 + 200. Is w a prime number?
False
Let x be 4/14 + (-134004)/84. Is (x/(-5))/(0 + 1) prime?
False
Let w(k) = -k**3 + 4*k**2 - k - 3. Let c be w(3). Suppose -11 = -4*q + p - 128, c*q + 59 = -5*p. Let a = 54 - q. Is a a composite number?
True
Let f(x) be the third derivative of 0 + 1/120*x**6 - 2*x**2 + 0*x + 1/24*x**4 - 1/15*x**5 - 7/6*x**3. Is f(5) a prime number?
True
Suppose -47 = -2*s + 5*c, 5*s + 2*c + 8 = 53. Is s prime?
True
Suppose 0*q - 16 = -q. Let t(a) = -a**2 + 6*a - 7. Let v be t(6). Let i = q + v. Is i a prime number?
False
Let p = -5 - -7. Suppose 220 + 144 = p*l. Suppose l = 2*v - 3*g, -3*v + 8*g - 3*g + 273 = 0. Is v a prime number?
False
Let s(u) = -196*u - 33. Is s(-8) a composite number?
True
Let j = 1840 - 105. Is j composite?
True
Let c(i) = 4*i**2 + 9*i - 11. Is c(-10) composite?
True
Let x = 925 + 2278. Is x a composite number?
False
Suppose j + 4 = 0, 0*z - 2*z = j - 630. Is z composite?
False
Let v = -56 - -89. Is v prime?
False
Suppose s = 125 + 34. Is s a composite number?
True
Let l(p) = -p**3 - 4*p**2 + 4*p + 6. Let q be l(-4). Is ((-1338)/(-15))/((-4)/q) composite?
False
Is ((4 - -951) + -2)/1 composite?
False
Suppose 0 = f - k - 3, 0 = -2*f - k + 5*k. Suppose 0 = -4*d - f - 6. Is 18/2*(-1)/d a composite number?
False
Let n be 0/(3 - (-1)/(-1)). Suppose n = -m - 0*y - 4*y + 3, -2*m - 5*y = 0. Is (-1)/(m/22)*5 a composite number?
True
Suppose -36 = 4*m + 20. Is 1/5 + m/(-5) composite?
False
Let d = 20 + -20. Let j(m) = m**2 + 7. Is j(d) a composite number?
False
Let r be 134/(-6)*(-10 + 1). Let t be (1 + 30)/((-3)/(-12)). Let n = r - t. Is n composite?
True
Suppose -k + 0 = -2. Suppose k*b - 47 = b. Is b composite?
False
Let n(f) = 5*f**3 + 4*f**2 + 5*f + 3. Let t be n(-3). Let o be ((-582)/(-3))/(1/1). Let h = o + t. Is h composite?
False
Suppose -10*y + 15*y - 3365 = 0. Is y composite?
False
Suppose 3*v - 2*i - 2 + 4 = 0, v + 2*i = 10. Suppose -184 = -v*l + 3*k + 108, -l + 2*k + 145 = 0. Is l composite?
False
Let c(j) = j**2 - 6*j + 3. Let z be c(7). Is (-3)/(-2) + 5/z a prime number?
True
Suppose -4*w - 726 = -2*f, -4*f - 5*w + 3*w = -1502. Is f prime?
True
Let o(y) = -y**2 + 5*y - 9. Let d be o(-5). Let i be ((-27)/(-3))/(6/(-4)). Let n = i - d. Is n a composite number?
False
Let w(m) = -m**3 - 5*m**2 - 7*m - 6. Let h(a) = 4*a**3 + a**2 + a. Let r be h(-1). Is w(r) prime?
False
Let a(v) = v**2 - v + 1. Let j be a(3). Suppose -5*s - 3*f = -64, j*s - 2*s - f = 72. Is s composite?
True
Suppose 2 = -2*x, 0*l + l - 158 = -5*x. Is l a prime number?
True
Let k = -93 - -170. Is k prime?
False
Let g = 5419 - 3767. Is g/(-6)*(-6)/4 a prime number?
False
Let i be (150/(-9))/(2/(-12)). Suppose -t = 3*t - i. Is t a composite number?
True
Let u be 10/4 - 4/(-8). Suppose -r + 194 = -0*r + v, u*v = -2*r + 393. Suppose -3*g = -3*d + r, 0 = -5*d - 3*g - 101 + 432. Is d prime?
False
Suppose 0 = 2*w - 46 - 0. Suppose u = 85 + w. Let d = u - 61. Is d a composite number?
False
Let b be 4/6 + (-19)/(-3). Suppose -b + 1 = -2*o. Suppose o*n - 26 = 2*n. Is n a composite number?
True
Let u be (3 - 6/3) + 3. Let d(w) = -7*w**3 - 2*w**2 + 5*w - w**2 + 11*w**3 - 5. Is d(u) a prime number?
True
Suppose -4*o + 2*w = -1006, 1123 = 5*o + 2*w - 130. Is o composite?
False
Let c = 220 - -74. Suppose 4*b = -2*b + c. Is b prime?
False
Let w = 25 - 22. Suppose -3*z - 357 = -3*n - 1005, -w*z + 2*n + 645 = 0. Is z a prime number?
False
Suppose -2*b = 3*s - 209, -4*s = 5*b - 276 - 5. Is s composite?
True
Let o be (-5 + -1)/((-3)/54). Suppose 3*t - o = 525. Is t prime?
True
Suppose -16 - 268 = -2*o. Let t = 220 - o. Suppose -3*c = 5*z - t, z - c - 13 = c. Is z a composite number?
True
Let f(l) = -18*l - 1. Let m be f(-7). Suppose 4*n + b - m = 3*n, n + 5*b - 117 = 0. Is n a prime number?
True
Let u = 8 - 17. Let d(k) = k**3 + 11*k**2 + 2*k + 2. Let p be d(u). Suppose -2*n + j = -4*n + p, -n = -4*j - 55. Is n a composite number?
False
Let p(j) = -j**2 + j. Let d(m) = -2*m**2 + 8*m + 5. Let g(q) = q**2 - 2*q + 1. Let s be g(2). Let v(c) = s*d(c) - 4*p(c). Is v(-4) a prime number?
False
Let t = 1558 + -736. Let w = t - 379. Is w a prime number?
True
Suppose -414 = -5*w - 4*d, 4*w - 360 = 5*d - d. Is w a composite number?
True
Let r(a) = -a**2 - 6*a + 5. Let z be r(-6). Let u = 198 + -116. Suppose -z*d = -93 - u. Is d prime?
False
Let n(v) = v**3 - 8*v**2 - 12*v - 8. Is n(11) prime?
True
Let r = 55 - -42. Is r composite?
False
Suppose -40 = -4*d + 4*j, -6*j - 4 = 2*d - 2*j. Suppose 0 = 4*x - 22 + d. Suppose -677 = -x*y + 351. Is y a prime number?
True
Let i(j) = 5 + 5*j - 3*j**2 - 3*j**3 - 3*j**3 + 5*j**3. Let c(x) = 2*x + 6. Let a be c(-6). Is i(a) composite?
False
Let a = -139 + 284. Is a a prime number?
False
Suppose 63 - 240 = -d. Is d prime?
False
Let u = 5 - -126. Is u prime?
True
Suppose 17 = 4*r - 4*a + 1, 3*r - 2*a - 10 = 0. Suppose -1 + 11 = -2*n + r*w, 4*n = -w. Let q = 5 - n. Is q a prime number?
False
Let p be 8/(-44) + (-432)/44. L